e the prime factors of 87412?
2, 13, 41
What are the prime factors of 3448?
2, 431
What are the prime factors of 96159?
3, 7, 19, 241
What are the prime factors of 1988?
2, 7, 71
List the prime factors of 14522.
2, 53, 137
What are the prime factors of 645?
3, 5, 43
What are the prime factors of 1442?
2, 7, 103
List the prime factors of 972.
2, 3
What are the prime factors of 2795?
5, 13, 43
List the prime factors of 25358.
2, 31, 409
What are the prime factors of 23296?
2, 7, 13
List the prime factors of 3160.
2, 5, 79
List the prime factors of 465.
3, 5, 31
What are the prime factors of 16569?
3, 7, 263
List the prime factors of 96857.
96857
What are the prime factors of 16193?
16193
List the prime factors of 27369.
3, 3041
What are the prime factors of 30503?
11, 47, 59
List the prime factors of 4689.
3, 521
List the prime factors of 6078.
2, 3, 1013
List the prime factors of 14764.
2, 3691
List the prime factors of 25371.
3, 2819
What are the prime factors of 1004?
2, 251
List the prime factors of 1272.
2, 3, 53
What are the prime factors of 109940?
2, 5, 23, 239
What are the prime factors of 9314?
2, 4657
List the prime factors of 4545.
3, 5, 101
What are the prime factors of 471?
3, 157
List the prime factors of 1458.
2, 3
What are the prime factors of 14790?
2, 3, 5, 17, 29
What are the prime factors of 3006?
2, 3, 167
What are the prime factors of 759?
3, 11, 23
List the prime factors of 142882.
2, 199, 359
List the prime factors of 1435.
5, 7, 41
What are the prime factors of 43567?
19, 2293
List the prime factors of 6915.
3, 5, 461
List the prime factors of 637.
7, 13
What are the prime factors of 1114?
2, 557
What are the prime factors of 912?
2, 3, 19
What are the prime factors of 2843?
2843
What are the prime factors of 43436?
2, 10859
List the prime factors of 66775.
5, 2671
List the prime factors of 2635.
5, 17, 31
What are the prime factors of 1335?
3, 5, 89
What are the prime factors of 43791?
3, 11, 1327
List the prime factors of 68945.
5, 13789
List the prime factors of 13811.
7, 1973
List the prime factors of 2233.
7, 11, 29
List the prime factors of 21523.
21523
What are the prime factors of 44855?
5, 8971
List the prime factors of 599.
599
List the prime factors of 6759.
3, 751
What are the prime factors of 616?
2, 7, 11
List the prime factors of 1999.
1999
List the prime factors of 543.
3, 181
List the prime factors of 55349.
7, 7907
What are the prime factors of 174?
2, 3, 29
What are the prime factors of 1465?
5, 293
What are the prime factors of 1693?
1693
What are the prime factors of 8523?
3, 947
List the prime factors of 1506.
2, 3, 251
What are the prime factors of 68023?
68023
What are the prime factors of 456?
2, 3, 19
What are the prime factors of 6510?
2, 3, 5, 7, 31
List the prime factors of 260.
2, 5, 13
What are the prime factors of 40?
2, 5
What are the prime factors of 2860?
2, 5, 11, 13
What are the prime factors of 5048?
2, 631
What are the prime factors of 10389?
3, 3463
List the prime factors of 7905.
3, 5, 17, 31
What are the prime factors of 1622?
2, 811
What are the prime factors of 101826?
2, 3, 5657
List the prime factors of 108399.
3, 23, 1571
List the prime factors of 895.
5, 179
List the prime factors of 44456.
2, 5557
What are the prime factors of 32249?
7, 17, 271
List the prime factors of 21551.
23, 937
List the prime factors of 395.
5, 79
What are the prime factors of 6509?
23, 283
What are the prime factors of 144?
2, 3
What are the prime factors of 1031?
1031
List the prime factors of 2304.
2, 3
List the prime factors of 12527.
12527
What are the prime factors of 1739?
37, 47
What are the prime factors of 80868?
2, 3, 23, 293
List the prime factors of 29430.
2, 3, 5, 109
What are the prime factors of 14358?
2, 3, 2393
List the prime factors of 107.
107
What are the prime factors of 18170?
2, 5, 23, 79
What are the prime factors of 20708?
2, 31, 167
What are the prime factors of 3057?
3, 1019
List the prime factors of 21011.
21011
What are the prime factors of 5921?
31, 191
What are the prime factors of 53253?
3, 61, 97
What are the prime factors of 2279?
43, 53
List the prime factors of 5111.
19, 269
List the prime factors of 44138.
2, 29, 761
List the prime factors of 12258.
2, 3, 227
List the prime factors of 96.
2, 3
What are the prime factors of 2539?
2539
List the prime factors of 52436.
2, 13109
What are the prime factors of 130739?
7, 19, 983
List the prime factors of 761.
761
List the prime factors of 3123.
3, 347
List the prime factors of 1439.
1439
What are the prime factors of 73293?
3, 11, 2221
List the prime factors of 1475.
5, 59
List the prime factors of 6172.
2, 1543
List the prime factors of 5470.
2, 5, 547
List the prime factors of 36111.
3, 12037
What are the prime factors of 2319?
3, 773
What are the prime factors of 727?
727
List the prime factors of 18189.
3, 43, 47
What are the prime factors of 6120?
2, 3, 5, 17
List the prime factors of 409.
409
List the prime factors of 52971.
3, 17657
What are the prime factors of 2568?
2, 3, 107
What are the prime factors of 51091?
19, 2689
What are the prime factors of 209?
11, 19
List the prime factors of 3081.
3, 13, 79
What are the prime factors of 13825?
5, 7, 79
List the prime factors of 610.
2, 5, 61
List the prime factors of 43318.
2, 11, 179
What are the prime factors of 11869?
11, 13, 83
What are the prime factors of 238?
2, 7, 17
What are the prime factors of 5534?
2, 2767
What are the prime factors of 758?
2, 379
List the prime factors of 666.
2, 3, 37
List the prime factors of 8995.
5, 7, 257
What are the prime factors of 1536?
2, 3
What are the prime factors of 269?
269
List the prime factors of 208.
2, 13
List the prime factors of 111068.
2, 27767
What are the prime factors of 1591?
37, 43
What are the prime factors of 30346?
2, 15173
What are the prime factors of 321?
3, 107
What are the prime factors of 13900?
2, 5, 139
What are the prime factors of 5582?
2, 2791
List the prime factors of 1154.
2, 577
What are the prime factors of 1210?
2, 5, 11
List the prime factors of 29938.
2, 14969
List the prime factors of 3873.
3, 1291
What are the prime factors of 67003?
67003
List the prime factors of 10794.
2, 3, 7, 257
List the prime factors of 6868.
2, 17, 101
What are the prime factors of 1789?
1789
List the prime factors of 226.
2, 113
List the prime factors of 3111.
3, 17, 61
What are the prime factors of 2481?
3, 827
What are the prime factors of 239?
239
What are the prime factors of 2833?
2833
List the prime factors of 108706.
2, 13, 37, 113
List the prime factors of 26740.
2, 5, 7, 191
List the prime factors of 6748.
2, 7, 241
What are the prime factors of 91421?
11, 8311
What are the prime factors of 6809?
11, 619
What are the prime factors of 3412?
2, 853
What are the prime factors of 10495?
5, 2099
What are the prime factors of 2274?
2, 3, 379
List the prime factors of 1814.
2, 907
List the prime factors of 188.
2, 47
What are the prime factors of 7470?
2, 3, 5, 83
List the prime factors of 3437.
7, 491
List the prime factors of 2629.
11, 239
List the prime factors of 413.
7, 59
What are the prime factors of 10254?
2, 3, 1709
List the prime factors of 3633.
3, 7, 173
List the prime factors of 7660.
2, 5, 383
List the prime factors of 36894.
2, 3, 11, 13, 43
What are the prime factors of 2177?
7, 311
List the prime factors of 29373.
3, 9791
What are the prime factors of 953?
953
What are the prime factors of 904?
2, 113
List the prime factors of 2395.
5, 479
What are the prime factors of 94027?
17, 5531
What are the prime factors of 1628?
2, 11, 37
List the prime factors of 3417.
3, 17, 67
What are the prime factors of 4765?
5, 953
What are the prime factors of 617?
617
What are the prime factors of 929?
929
List the prime factors of 10586.
2, 67, 79
List the prime factors of 26630.
2, 5, 2663
What are the prime factors of 3717?
3, 7, 59
What are the prime factors of 804?
2, 3, 67
List the prime factors of 1105.
5, 13, 17
List the prime factors of 42709.
42709
List the prime factors of 4025.
5, 7, 23
List the prime factors of 58129.
58129
List the prime factors of 1414.
2, 7, 101
List the prime factors of 781.
11, 71
What are the prime factors of 304?
2, 19
List the prime factors of 4301.
11, 17, 23
Wh